m?
3
Let j = 3 - -2. Suppose -2*m - j*z = 2*m - 146, -2*z = -3*m + 98. What is the units digit of m?
4
Suppose -5*q + 2*s - 787 = -10*q, -2*q = 5*s - 298. What is the hundreds digit of q?
1
Let m = -6 - -9. What is the units digit of m?
3
Let z(p) = -p**2 + 7*p + 8. Let r be z(9). Let v = r + 14. Suppose -v*w + 55 + 9 = 0. What is the units digit of w?
6
Let i(d) = -3*d. Let f be i(-1). Let x = 4 - f. What is the units digit of x?
1
Let x(m) = 3 + 0*m + m - 3 + 5*m**2. Let k be x(-2). Suppose -2*q = -5*q + k. What is the units digit of q?
6
Let s(v) = v**3 + 6*v**2 - v - 2. Let j be 1/(-2) + 22/(-4). Let c be s(j). What is the units digit of 1/(-2) + 22/c?
5
Suppose -5*b = -2*d + 5*d - 33, 0 = b - 4*d - 2. What is the units digit of b?
6
Let a be (16*1/1)/(-1). Suppose -3*h + 88 = 3*k - 5*k, -115 = -5*h - 3*k. Let s = a + h. What is the units digit of s?
0
Let d(a) = -391*a**3 - a**2. What is the tens digit of d(-1)?
9
Suppose 3*x - 20 = 2*p - 2*x, 3*x = -5*p - 19. Let i = 10 - p. What is the units digit of i?
5
Let i(d) = d**2 - 9*d + 2. Let t be i(9). Suppose -2*w = -5*a + 35, -a = -4*w - t - 5. Let f = 13 - a. What is the units digit of f?
6
Let m(f) = 8*f**2 - 4*f - 3. Suppose -3*o + 0 = 6. What is the units digit of m(o)?
7
Let k(q) = 3*q - 35. Let h(x) = -2*x + 23. Let i(d) = 8*h(d) + 5*k(d). Let a be i(-7). What is the tens digit of 2/8 - (-188)/a?
1
Let a = -4 - -19. Suppose -r - 3*z - 6 = -0*z, r - a = 4*z. What is the units digit of r?
3
Let n(k) = k**3 - k. Let s(z) = -5*z**3 + 8*z**2 + 12*z - 10. Let j(h) = -6*n(h) - s(h). What is the units digit of j(-7)?
3
Let j(g) = -g + 2. Let u be j(-7). Suppose 37 = 5*y - 3*q + u, 4 = -4*q. What is the units digit of y?
5
Let m be (-2 + 104/12)*6/(-4). Let v(p) = 12*p**2 - 2*p + 2. Let z be v(-3). What is the units digit of (-2)/m + z/20?
6
Let i(u) = -u. Let m be i(-2). Let c be (3 + -3)/(-4 + 5). Suppose 4*x + m*z + 2 = c, -3*x - 2*z - 2 = 2. What is the units digit of x?
2
Let d = 8 - 6. Suppose -3*n - 4*r = -21, 2*n + r - 15 = -d*n. Suppose w + 7 = 2*w + c, 0 = -n*w - c + 17. What is the units digit of w?
5
Let w(k) = -k**2 + 10*k - 2. Let i be w(9). Let j(c) = i + 7*c**2 + 3*c**3 - 7*c - c**3 - 3*c**3. What is the units digit of j(6)?
1
Suppose -56 - 70 = -3*u. What is the units digit of u?
2
Suppose -4*v + v = -5*t - 26, -4*t - 40 = -4*v. Suppose -10 = -4*g - k + 11, -3*k - v = -3*g. What is the units digit of g?
5
Let x(t) = t**3 + 3*t**2 + t + 1. Let i = -8 + 13. Suppose -3*f + 0*f - 10 = 4*q, 4*f = i*q - 3. What is the units digit of x(f)?
3
Let w = -5 - -7. Let v = -92 - -94. Let y = v + w. What is the units digit of y?
4
Suppose 4*v + 3*o + 36 = 0, 1 = -2*o - 7. Let t be (8/(-3))/(4/v). Suppose -t + 12 = 4*h. What is the units digit of h?
2
Suppose 0 = -3*c - 1 + 28. What is the units digit of c?
9
Let j(o) = 63*o - 3. What is the units digit of j(5)?
2
Suppose f + 60 = -3*w + 5*f, 2*w + 29 = -f. Suppose 4*r = -0*r + 120. Let t = r + w. What is the units digit of t?
4
Suppose -5*r = 5*k - 4 - 1, 0 = -5*k - 4*r + 9. What is the units digit of k?
5
Let h(n) = -14*n + 14. Let g(v) = 21*v - 21. Let c(y) = -5*g(y) - 8*h(y). What is the tens digit of c(3)?
1
Suppose 0 = -3*b + 4*b - 3. Let x(p) = 5 + 3*p + 7*p**2 + 5*p**b + 2*p + 2*p - 4*p**3. What is the tens digit of x(-5)?
2
Suppose -88 = -4*p - f + 3*f, 0 = 2*p - 3*f - 52. What is the tens digit of p?
2
Let w be ((-3)/9)/((-1)/9). Suppose w*q = 5*q. Let m(d) = d + 8. What is the units digit of m(q)?
8
Suppose -4*u - 3*y - 18 = 4, 0 = 2*u - y + 6. What is the units digit of 2*(-2)/u*17?
7
Let q(t) = t**2 + 6*t + 8. What is the units digit of q(-5)?
3
Let d(g) = 2*g**2 + 3*g + 3. What is the units digit of d(4)?
7
Let l(r) = -2*r + 0*r + 63*r**3 - 62*r**3 + 5*r**2 - 4. Let q be ((-5)/3)/((-1)/(-3)). What is the units digit of l(q)?
6
Let y be 29/9 - (-14)/(-63). Suppose 0 = -3*l + 30 + y. What is the units digit of l?
1
Suppose -4 = 6*s - 7*s. Suppose s*o + 3 - 11 = 0. What is the units digit of o?
2
Let r = 20 - 18. Suppose -120 = -3*k + 3*n, 0 = -4*k + 4*n - r*n + 154. What is the tens digit of k?
3
Suppose 9*y = 8*y + 11. Suppose 0*f = f - y. What is the tens digit of f?
1
Let y = -61 - -115. What is the units digit of y?
4
Let z = 7 + -3. Let g(l) = -l + 1. Let d be g(z). Let c(s) = -s**3 - s**2 + 5*s + 4. What is the units digit of c(d)?
7
Suppose n - 136 = -3*n. What is the units digit of n?
4
Let h = -2 + 0. Let i = -1 + h. Let x(a) = -2*a - 3. What is the units digit of x(i)?
3
Suppose 7*f - 4 = 3*f. Suppose i = 16 - f. What is the units digit of i?
5
Suppose 0 = -3*v - v + 8. What is the units digit of (6/8)/(v/64)?
4
What is the tens digit of 5/(50/(-4))*-85?
3
Suppose -2*t - 3 + 23 = q, t + 50 = 2*q. Suppose q = 3*n - 7*n. Let y = n + 13. What is the units digit of y?
7
Let g be (-2 - -3)*(4 + 40). What is the units digit of 4/(-22) - (-140)/g?
3
Let w(g) = -g + 9. Let n be w(6). Suppose -2 + n = -r. What is the tens digit of r/((-2)/32*1)?
1
Let u(g) = -g**3 - 6*g**2 - 2*g - 2. Let n be u(-6). Let i = 11 - n. What is the units digit of i?
1
Let f = -2 + 5. Suppose n = f*d - 1, 5*d - d = 2*n - 6. What is the units digit of n?
1
Let o(x) = -x**2 + 3*x + 4. Let m be o(3). Suppose s - q - 4*q + 5 = 0, 0 = -4*q - m. Let r = -6 - s. What is the units digit of r?
4
Let c = 3 - 12. Let q = -8 - c. Suppose 39 = 4*i - q. What is the units digit of i?
0
Let z be ((-40)/12)/(4/(-150)). Suppose -25 = -5*p + z. What is the tens digit of p?
3
Let h = 0 + -6. Let k be ((-2)/h)/((-1)/(-12)). Let g = 0 + k. What is the units digit of g?
4
Let x be -2 - ((0 - -3) + -8). Suppose -4*n - 12 - 8 = -4*q, -x*n + 20 = 4*q. What is the units digit of q?
5
Let m = 2 - -1. Suppose -5 - m = -c. What is the units digit of c?
8
Suppose v + 0 = 7. Let w = v - 4. Suppose a + 12 = w*a. What is the units digit of a?
6
Suppose 7 - 1 = 3*x. Let k be x/(-6)*1*-12. Suppose -15 = -o - t, -k*o + t = -2*o - 24. What is the tens digit of o?
1
Suppose -7 = -3*x - 1. Let v be (-2*9)/(x/(-8)). Suppose -6*z + v = -2*z. What is the tens digit of z?
1
Suppose 0 = -8*p + 3*p + 5. What is the units digit of p?
1
Suppose 5*m = -3*f + 1371 + 699, 5*m + 5*f - 2070 = 0. What is the hundreds digit of m?
4
Let n = -4 + 6. Suppose s + 3 = -5*t, 0 = -3*t - 0*s + n*s + 6. Suppose t = -5*m - 2*z + 44, 5*m = -z - 2 + 49. What is the tens digit of m?
1
Let z(x) = -4*x + 11. What is the tens digit of z(-7)?
3
Let x be -3*(-2)/6*1. Suppose 5*r = -x + 16. Let a = r + 3. What is the units digit of a?
6
Let n = 1 - 2. What is the units digit of -1*(-1)/(n/(-7))?
7
Let i = -22 + 13. What is the units digit of 1*-15*6/i?
0
Let w(z) = -z**3 - 6*z**2 + 4*z + 7. What is the units digit of w(-7)?
8
Suppose 3*r + 2*l + 8 = 5*r, 12 = -3*l. Suppose -p - 4*q - 15 = -2*p, 2*p + 3*q + 3 = r. Let s = 1 + p. What is the units digit of s?
4
Suppose 20 = -4*d, -2*a + 120 = 3*a - 2*d. What is the units digit of a?
2
Let x(p) = -p + 6. Let m be x(7). Let c = m - -3. Let o = c + 2. What is the units digit of o?
4
Suppose -6*i = -4 - 20. What is the units digit of i?
4
Suppose -3*j + 4*z = -29 - 9, -j = -3*z - 21. Let b(w) = 3*w**3 - 3*w**2 + 3*w - 3. Let s be b(2). Let g = s - j. What is the units digit of g?
9
Suppose -9*y + 2*y = -14. Let o(r) = 8*r**2 + 2*r + 1. Let i be o(-1). What is the units digit of i - (-6 + y)/2?
9
Suppose -5*h + 4*v = -1 + 60, -2*v = -h - 7. What is the units digit of (-6)/(-10) - 36/h?
3
Let k(g) = g**2 - 10*g + g**2 + 5 - 10*g**2 + 7*g**2. What is the tens digit of k(-9)?
1
Let o = 343 - 241. What is the tens digit of o?
0
Let c = -8 - -16. Suppose 3*n - c = n. What is the units digit of n?
4
Suppose -g + 0*g = 5*n - 77, -218 = -4*g - 2*n. What is the units digit of g?
2
Let n = -400 - -725. What is the tens digit of n?
2
Suppose 5*u - 2*p - 17 = 0, 5*u - p - 12 - 9 = 0. Suppose -12 = -u*l - 2. Suppose -l*m + n = -11, 2*m - 6*m = -5*n - 37. What is the units digit of m?
3
Let a be ((-2)/6)/((-1)/(-3)). Let n = 2 + a. What is the units digit of n?
1
Let a be 1*(-9)/6*-2. Suppose -a*t + 12 = t. Suppose 4*n + 40 = 5*v, -t*v - 5*n - 23 = -7*v. What is the units digit of v?
2
Suppose -1 = c + 5*h + 17, 0 = 5*h + 20. Suppose -3*y = -c*z + 28, -3*z + 4*y = z - 48. What is the units 